386?
9
What is the thousands digit of 4376756?
6
What is the millions digit of 20804341?
0
What is the units digit of 242072?
2
What is the hundreds digit of 453464?
4
What is the hundreds digit of 69041?
0
What is the units digit of 500770?
0
What is the hundreds digit of 1888669?
6
What is the tens digit of 4053799?
9
What is the tens digit of 3539900?
0
What is the hundred thousands digit of 10715473?
7
What is the ten thousands digit of 963935?
6
What is the ten thousands digit of 515332?
1
What is the hundreds digit of 4732890?
8
What is the units digit of 18238079?
9
What is the ten millions digit of 21934183?
2
What is the millions digit of 1634634?
1
What is the thousands digit of 1508555?
8
What is the hundreds digit of 12124?
1
What is the thousands digit of 1316937?
6
What is the thousands digit of 1203473?
3
What is the units digit of 87628?
8
What is the millions digit of 1322761?
1
What is the tens digit of 341052?
5
What is the ten thousands digit of 21176557?
7
What is the millions digit of 9058348?
9
What is the thousands digit of 4085547?
5
What is the hundreds digit of 2733178?
1
What is the units digit of 3624830?
0
What is the hundreds digit of 4992433?
4
What is the thousands digit of 184735?
4
What is the millions digit of 1461945?
1
What is the thousands digit of 295129?
5
What is the tens digit of 103211?
1
What is the hundreds digit of 1177281?
2
What is the ten thousands digit of 19649370?
4
What is the thousands digit of 8455?
8
What is the tens digit of 457148?
4
What is the units digit of 21033668?
8
What is the hundreds digit of 723569?
5
What is the millions digit of 10727270?
0
What is the hundred thousands digit of 967994?
9
What is the tens digit of 15571163?
6
What is the units digit of 435961?
1
What is the ten thousands digit of 1472222?
7
What is the units digit of 42151?
1
What is the ten thousands digit of 83700?
8
What is the hundreds digit of 3422139?
1
What is the tens digit of 1242508?
0
What is the units digit of 812750?
0
What is the units digit of 185680?
0
What is the thousands digit of 218626?
8
What is the tens digit of 4112812?
1
What is the tens digit of 987632?
3
What is the units digit of 384413?
3
What is the tens digit of 1349519?
1
What is the hundred thousands digit of 11489550?
4
What is the tens digit of 95608?
0
What is the hundred thousands digit of 557615?
5
What is the tens digit of 806893?
9
What is the ten thousands digit of 26572902?
7
What is the units digit of 742563?
3
What is the ten thousands digit of 278141?
7
What is the hundreds digit of 3802541?
5
What is the thousands digit of 12704461?
4
What is the tens digit of 208121?
2
What is the millions digit of 5089394?
5
What is the units digit of 6506608?
8
What is the thousands digit of 242184?
2
What is the hundreds digit of 7383718?
7
What is the ten thousands digit of 67827?
6
What is the hundreds digit of 232096?
0
What is the thousands digit of 7370166?
0
What is the units digit of 264017?
7
What is the hundreds digit of 883820?
8
What is the tens digit of 571351?
5
What is the tens digit of 7582698?
9
What is the tens digit of 149295?
9
What is the hundreds digit of 168292?
2
What is the thousands digit of 9070694?
0
What is the tens digit of 124276?
7
What is the units digit of 12807795?
5
What is the hundred thousands digit of 3784157?
7
What is the tens digit of 838964?
6
What is the ten millions digit of 11296383?
1
What is the ten thousands digit of 1048108?
4
What is the tens digit of 358471?
7
What is the tens digit of 238556?
5
What is the ten thousands digit of 49543?
4
What is the ten thousands digit of 681089?
8
What is the hundred thousands digit of 3738800?
7
What is the hundreds digit of 2402722?
7
What is the units digit of 24891170?
0
What is the ten thousands digit of 877826?
7
What is the hundred thousands digit of 617191?
6
What is the hundred thousands digit of 699917?
6
What is the units digit of 5843717?
7
What is the hundreds digit of 12698?
6
What is the hundred thousands digit of 1148850?
1
What is the hundreds digit of 104295?
2
What is the hundreds digit of 19597?
5
What is the hundreds digit of 4430593?
5
What is the hundred thousands digit of 3221805?
2
What is the tens digit of 837787?
8
What is the hundreds digit of 14191945?
9
What is the thousands digit of 3584948?
4
What is the hundred thousands digit of 285049?
2
What is the thousands digit of 468404?
8
What is the tens digit of 2038270?
7
What is the hundreds digit of 5246?
2
What is the tens digit of 242159?
5
What is the hundreds digit of 158146?
1
What is the ten thousands digit of 8882814?
8
What is the hundreds digit of 695465?
4
What is the hundreds digit of 103188?
1
What is the units digit of 227266?
6
What is the hundred thousands digit of 1480388?
4
What is the thousands digit of 197382?
7
What is the millions digit of 7105152?
7
What is the tens digit of 691156?
5
What is the tens digit of 86656?
5
What is the units digit of 76735?
5
What is the hundred thousands digit of 949483?
9
What is the ten thousands digit of 256946?
5
What is the millions digit of 1184119?
1
What is the ten thousands digit of 7049467?
4
What is the thousands digit of 347308?
7
What is the ten thousands digit of 3563892?
6
What is the units digit of 41689?
9
What is the hundred thousands digit of 20265152?
2
What is the hundred thousands digit of 501926?
5
What is the thousands digit of 3983493?
3
What is the millions digit of 2543526?
2
What is the hundreds digit of 14688773?
7
What is the units digit of 20701821?
1
What is the hundred thousands digit of 829914?
8
What is the tens digit of 258868?
6
What is the hundred thousands digit of 144393?
1
What is the hundred thousands digit of 1616589?
6
What is the ten thousands digit of 203216?
0
What is the hundred thousands digit of 226794?
2
What is the ten thousands digit of 56314?
5
What is the ten thousands digit of 5374243?
7
What is the hundreds digit of 330357?
3
What is the ten thousands digit of 11800673?
0
What is the thousands digit of 1479702?
9
What is the units digit of 32403049?
9
What is the tens digit of 673450?
5
What is the hundred thousands digit of 2054453?
0
What is the tens digit of 5257344?
4
What is the thousands digit of 2981638?
1
What is the tens digit of 867693?
9
What is the hundreds digit of 1369672?
6
What is the units digit of 3019684?
4
What is the hundreds digit of 854871?
8
What is the hundred thousands digit of 17233791?
2
What is the thousands digit of 4006166?
6
What is the ten thousands digit of 221583?
2
What is the units digit of 12546792?
2
What is the hundred thousands digit of 222514?
2
What is the units digit of 1504011?
1
What is the thousands digit of 555572?
5
What is the ten thousands digit of 3025331?
2
What is the thousands digit of 15124871?
4
What is the hundreds digit of 95254?
2
What is the hundreds digit of 1207652?
6
What is the ten thousands digit of 427302?
2
What is the millions digit of 1607380?
1
What is the millions digit of 1057155?
1
What is the tens digit of 2171466?
6
What is the ten thousands digit of 518373?
1
What is the thousands digit of 886599?
6
What is the thousands digit of 3340538?
0
What is the units digit of 1339454?
4
What is the millions digit of 1565489?
1
What is the millions digit of 26180404?
6
What is the tens digit of 789359?
5
What is the units digit of 295322?
2
What is the hundreds digit of 759529?
5
What is the thousands digit of 118592?
8
What is the hundreds digit of 1978331?
3
What is the hundreds digit of 537889?
8
What is the hundreds digit of 977554?
5
What is the units digit of 11289835?
5
What is the ten thousands digit of 565453?
6
What is the units digit of 115657?
7
What is the ten thousands digit of 1030275?
3
What is the thousands digit of 571475?
1
What is the hundreds digit of 240565?
5
What is the hundreds digit of 45732?
7
What is the units digit of 4522696?
6
What is the units digit of 201823?
3
What is the units digit of 894965?
5
What is the thousands digit of 219510?
9
What is the hundreds digit of 216204?
2
What is the tens digit of 97481?
8
What is the millions digit of 28956103?
8
What is the thousands digit of 417919?
7
What is the hundreds digit of 208326?
3
What is the hundreds